 31, 61
What are the prime factors of 2511?
3, 31
List the prime factors of 23886.
2, 3, 1327
List the prime factors of 17705.
5, 3541
List the prime factors of 18304.
2, 11, 13
What are the prime factors of 19027?
53, 359
List the prime factors of 1884.
2, 3, 157
What are the prime factors of 1616?
2, 101
List the prime factors of 266.
2, 7, 19
What are the prime factors of 14853?
3, 4951
What are the prime factors of 20313?
3, 37, 61
List the prime factors of 25220.
2, 5, 13, 97
List the prime factors of 33833.
23, 1471
What are the prime factors of 23640?
2, 3, 5, 197
What are the prime factors of 34546?
2, 23, 751
List the prime factors of 7020.
2, 3, 5, 13
What are the prime factors of 3379?
31, 109
List the prime factors of 14437.
14437
What are the prime factors of 3950?
2, 5, 79
What are the prime factors of 6309?
3, 701
List the prime factors of 21132.
2, 3, 587
What are the prime factors of 178563?
3, 7, 11, 773
What are the prime factors of 4400?
2, 5, 11
List the prime factors of 59287.
101, 587
What are the prime factors of 1423?
1423
List the prime factors of 247.
13, 19
List the prime factors of 45501.
3, 29, 523
What are the prime factors of 622?
2, 311
What are the prime factors of 5167?
5167
What are the prime factors of 36002?
2, 47, 383
What are the prime factors of 898?
2, 449
What are the prime factors of 3867?
3, 1289
List the prime factors of 188.
2, 47
List the prime factors of 1051.
1051
List the prime factors of 26608.
2, 1663
What are the prime factors of 18068?
2, 4517
List the prime factors of 3506.
2, 1753
List the prime factors of 1008.
2, 3, 7
What are the prime factors of 43546?
2, 21773
List the prime factors of 1416.
2, 3, 59
What are the prime factors of 135?
3, 5
What are the prime factors of 3926?
2, 13, 151
List the prime factors of 11441.
17, 673
List the prime factors of 510.
2, 3, 5, 17
What are the prime factors of 18357?
3, 29, 211
What are the prime factors of 418?
2, 11, 19
List the prime factors of 3688.
2, 461
What are the prime factors of 54682?
2, 19, 1439
What are the prime factors of 3274?
2, 1637
List the prime factors of 2824.
2, 353
What are the prime factors of 898?
2, 449
What are the prime factors of 5023?
5023
List the prime factors of 6102.
2, 3, 113
What are the prime factors of 94023?
3, 31, 337
List the prime factors of 156.
2, 3, 13
What are the prime factors of 14206?
2, 7103
List the prime factors of 6829.
6829
What are the prime factors of 1057?
7, 151
List the prime factors of 528.
2, 3, 11
What are the prime factors of 33543?
3, 3727
What are the prime factors of 3670?
2, 5, 367
List the prime factors of 11414.
2, 13, 439
What are the prime factors of 720?
2, 3, 5
List the prime factors of 2595.
3, 5, 173
What are the prime factors of 2423?
2423
List the prime factors of 42413.
7, 73, 83
What are the prime factors of 38031?
3, 7, 1811
List the prime factors of 15526.
2, 7, 1109
What are the prime factors of 1522?
2, 761
What are the prime factors of 79078?
2, 19, 2081
List the prime factors of 20217.
3, 23, 293
List the prime factors of 2098.
2, 1049
What are the prime factors of 4464?
2, 3, 31
List the prime factors of 8495.
5, 1699
What are the prime factors of 89523?
3, 7, 29
List the prime factors of 10713.
3, 3571
What are the prime factors of 131667?
3, 43889
List the prime factors of 684.
2, 3, 19
What are the prime factors of 20695?
5, 4139
List the prime factors of 2756.
2, 13, 53
What are the prime factors of 3867?
3, 1289
What are the prime factors of 1232?
2, 7, 11
List the prime factors of 57099.
3, 7, 2719
What are the prime factors of 2?
2
List the prime factors of 1461.
3, 487
What are the prime factors of 13540?
2, 5, 677
What are the prime factors of 13750?
2, 5, 11
List the prime factors of 1469.
13, 113
What are the prime factors of 845?
5, 13
List the prime factors of 1559.
1559
List the prime factors of 954.
2, 3, 53
What are the prime factors of 72175?
5, 2887
List the prime factors of 6703.
6703
List the prime factors of 62472.
2, 3, 19, 137
List the prime factors of 2140.
2, 5, 107
What are the prime factors of 18845?
5, 3769
List the prime factors of 683.
683
What are the prime factors of 3206?
2, 7, 229
List the prime factors of 406.
2, 7, 29
What are the prime factors of 1223?
1223
What are the prime factors of 23545?
5, 17, 277
List the prime factors of 2436.
2, 3, 7, 29
What are the prime factors of 27781?
13, 2137
List the prime factors of 5758.
2, 2879
List the prime factors of 1707.
3, 569
List the prime factors of 628.
2, 157
List the prime factors of 7827.
3, 2609
What are the prime factors of 44183?
17, 23, 113
What are the prime factors of 55303?
29, 1907
List the prime factors of 60525.
3, 5, 269
List the prime factors of 20200.
2, 5, 101
List the prime factors of 4080.
2, 3, 5, 17
What are the prime factors of 1302?
2, 3, 7, 31
What are the prime factors of 2068?
2, 11, 47
What are the prime factors of 626?
2, 313
List the prime factors of 21047.
13, 1619
What are the prime factors of 116?
2, 29
What are the prime factors of 8425?
5, 337
What are the prime factors of 30343?
19, 1597
List the prime factors of 410.
2, 5, 41
List the prime factors of 14941.
67, 223
What are the prime factors of 1639?
11, 149
List the prime factors of 92911.
7, 13, 1021
What are the prime factors of 1879?
1879
List the prime factors of 104208.
2, 3, 13, 167
List the prime factors of 6852.
2, 3, 571
List the prime factors of 156619.
156619
What are the prime factors of 23256?
2, 3, 17, 19
What are the prime factors of 3529?
3529
What are the prime factors of 48585?
3, 5, 41, 79
List the prime factors of 117.
3, 13
What are the prime factors of 11637?
3, 431
List the prime factors of 779.
19, 41
List the prime factors of 5464.
2, 683
List the prime factors of 285.
3, 5, 19
What are the prime factors of 14816?
2, 463
List the prime factors of 5181.
3, 11, 157
What are the prime factors of 6103?
17, 359
List the prime factors of 100412.
2, 13, 1931
What are the prime factors of 59959?
17, 3527
What are the prime factors of 2408?
2, 7, 43
What are the prime factors of 9656?
2, 17, 71
List the prime factors of 3019.
3019
What are the prime factors of 124?
2, 31
What are the prime factors of 3156?
2, 3, 263
What are the prime factors of 1663?
1663
List the prime factors of 20072.
2, 13, 193
What are the prime factors of 4433?
11, 13, 31
What are the prime factors of 13267?
13267
List the prime factors of 40174.
2, 53, 379
What are the prime factors of 161588?
2, 7, 29, 199
What are the prime factors of 1040?
2, 5, 13
What are the prime factors of 3164?
2, 7, 113
List the prime factors of 848.
2, 53
List the prime factors of 6448.
2, 13, 31
List the prime factors of 2649.
3, 883
List the prime factors of 602.
2, 7, 43
What are the prime factors of 8850?
2, 3, 5, 59
What are the prime factors of 14233?
43, 331
List the prime factors of 29928.
2, 3, 29, 43
List the prime factors of 1370.
2, 5, 137
List the prime factors of 12037.
12037
What are the prime factors of 6849?
3, 761
What are the prime factors of 37386?
2, 3, 31, 67
List the prime factors of 119100.
2, 3, 5, 397
What are the prime factors of 7657?
13, 19, 31
List the prime factors of 63160.
2, 5, 1579
List the prime factors of 99758.
2, 31, 1609
What are the prime factors of 4102?
2, 7, 293
What are the prime factors of 1773?
3, 197
What are the prime factors of 27328?
2, 7, 61
List the prime factors of 832.
2, 13
What are the prime factors of 4939?
11, 449
List the prime factors of 1095.
3, 5, 73
What are the prime factors of 1313?
13, 101
What are the prime factors of 3964?
2, 991
What are the prime factors of 60809?
7, 17, 73
List the prime factors of 51826.
2, 25913
What are the prime factors of 14928?
2, 3, 311
What are the prime factors of 5704?
2, 23, 31
What are the prime factors of 30595?
5, 29, 211
List the prime factors of 1417.
13, 109
What are the prime factors of 92750?
2, 5, 7, 53
What are the prime factors of 18437?
103, 179
List the prime factors of 1620.
2, 3, 5
What are the prime factors of 2307?
3, 769
What are the prime factors of 13330?
2, 5, 31, 43
What are the prime factors of 1922?
2, 31
List the prime factors of 482.
2, 241
List the prime factors of 1016.
2, 127
List the prim